vided by 11?
9
Let o(l) = -84*l - 5. What is the remainder when o(-1) is divided by 22?
13
Let k = 69 + -70. Let t(a) = 2*a**2 + 2*a + 1. Suppose 0*q + 5*q - 10 = 0. What is the remainder when q is divided by t(k)?
0
Suppose -6*y + 334 = -260. What is the remainder when 593 is divided by y?
98
Let r = -373 + 397. Calculate the remainder when r is divided by 7.
3
Calculate the remainder when (-16)/6*71*222/(-296) is divided by 29.
26
Let y = -232 - -122. Let o = -73 - y. What is the remainder when 146 is divided by o?
35
Let f(s) = 11*s**2 + 13*s - 28. Calculate the remainder when f(3) is divided by 26.
6
Let t = 354 - 344. Calculate the remainder when t is divided by 2.
0
Let w be 3/(-15) - 1128/(-15). Let i be 6/27 + w/27. Let b(s) = s**3 - 3*s**2 + 2*s + 3. What is the remainder when 34 is divided by b(i)?
7
Let x be (-4)/(-4)*(-2 + 2). Suppose -2*j + 30 = -x*j. Calculate the remainder when j is divided by (-216)/(-32) - (-3)/(-4).
3
Suppose 5*v + 70 = 15*v. What is the remainder when v is divided by 2?
1
Suppose -3*a - 2*m = -7*m - 123, 2*a - 82 = 3*m. What is the remainder when a is divided by 6?
5
Suppose 0*g + 3*g = 81. What is the remainder when 13 is divided by (-16)/(-9) + -2 - (-141)/g?
3
Let d(s) = -s**2 + 20*s - 31. What is the remainder when 42 is divided by d(17)?
2
Suppose -4*a = u - 315 - 716, -4*a - 2*u = -1030. Suppose 2*f - j - a = 0, -2*f + 266 = j + 2*j. Calculate the remainder when f is divided by 44.
42
Suppose -2*m + 2*z = -2*z - 12, -4*m + 2*z = -6. Suppose 6*l - 7*l - 24 = m. Let g = l - -47. Calculate the remainder when 68 is divided by g.
22
Suppose -l = g + 3 - 30, 3*g - 4*l = 95. Suppose 0 = 2*q + 43 - 37. Calculate the remainder when (q - -1) + 4 + 54 is divided by g.
27
Let h = 5114 + -5105. Let m = -33 + 68. Calculate the remainder when m is divided by h.
8
Suppose 0 = -p + 461 - 246. What is the remainder when p is divided by 27?
26
Let v(c) = 10*c**2 - 6*c + 2. Let y be v(4). Suppose -2*n = 50 - y. Calculate the remainder when n is divided by 12.
8
Suppose 5*n + 10*b = 12*b + 77, 73 = 5*n - 3*b. Calculate the remainder when 36 is divided by n.
2
Let u = -420 + 429. Suppose 2*m = 3*a - 0*m - 76, -4*a + 2*m + 102 = 0. What is the remainder when a is divided by u?
8
Calculate the remainder when 237 is divided by (-36)/(-48)*(83 - 3).
57
Suppose 0 = -4*j - 3*p + 89, 9*j - 2*p = 13*j - 86. Let v(i) = -8*i**2 + 9*i + 3 + 5 + 0*i + 4 - i**3. What is the remainder when j is divided by v(-9)?
8
Let n(t) = -4*t**2 - 3*t. Let q be n(-2). Let g = q + 17. Suppose 5*o + 13 = x, 3*x + x - 2*o = 52. What is the remainder when x is divided by g?
6
What is the remainder when (-2385)/(-25) - 2/5 is divided by ((-120)/(-7))/3*(-441)/(-126)?
15
Suppose 3*k = -3*p + 20 + 31, -13 = -p + 3*k. Suppose -1 - p = -y. Calculate the remainder when 31 is divided by y.
14
Let m(r) = r**2 + 3*r + 4. Suppose 6 = 4*i - 14, 2*i - 215 = -5*p. Calculate the remainder when p is divided by m(3).
19
Let p = 43 + -24. Suppose 0 = -g - 3*g - 5*s + 46, g + 5*s - p = 0. What is the remainder when g is divided by ((-10)/4 + 2)*-6?
0
Let m be (18/12)/((-1)/14). Let i = 38 + m. What is the remainder when 66 is divided by i?
15
Let j(m) = 5*m + 10. Let p be j(-4). Let f be 2/p - 84/(-20). Suppose -f - 8 = -2*a. Calculate the remainder when 21 is divided by a.
3
Let g(j) be the second derivative of -j**5/20 - 25*j**4/12 + 6*j**2 + 24*j. What is the remainder when 34 is divided by g(-25)?
10
Let t(u) be the second derivative of -u**4/12 + 11*u**3/6 - 7*u**2/2 + 2*u. Let c = 2429 - 2423. Calculate the remainder when t(8) is divided by c.
5
Let b = 3638 - 3533. Let m(a) = -a**2 - 9*a + 4. What is the remainder when b is divided by m(-8)?
9
Let w(y) = 135*y + 13. Let c be w(1). Let o = -142 + c. What is the remainder when 14 is divided by o?
2
Suppose 44 - 3020 = 4*l. Suppose 110 = 4*f - 130. Calculate the remainder when f is divided by 1/3 - (l/9)/4.
18
Let u = 26 + -41. Calculate the remainder when 67 is divided by ((-1224)/u)/6 + 2/5.
11
Suppose 2*p = 23 - 5. Let t(s) = 3*s**2 + s + 7. Let a(k) = -2*k**2 - k - 6. Let w(n) = 7*a(n) + 6*t(n). Calculate the remainder when p is divided by w(-1).
4
Let o be 42/8 - 3/12. Suppose -o*l = -d - 46, 4*d = -2*l + d + 15. What is the remainder when l is divided by 5?
4
Let j = 511 + -506. Calculate the remainder when 79 is divided by j.
4
Suppose 37*o - 72 = 33*o. Calculate the remainder when o is divided by 5.
3
Let j(p) = -p**3 - 6*p**2 - 15*p - 2. Calculate the remainder when j(-6) is divided by 15.
13
Let b = 15 - 8. Suppose y - 4*t + 3 - 8 = 0, t = -4*y + 54. Suppose -4*m - f + 25 = 0, 2*f + y = 3*m - 3. What is the remainder when b is divided by m?
1
Suppose 3*b + 25 - 4 = 0. Let r(f) be the first derivative of -f**4/4 - 2*f**3 + 3*f**2/2 - 11*f + 16. Calculate the remainder when 31 is divided by r(b).
14
Suppose -3*r - r - 4*j + 152 = 0, 5*r - j = 202. Suppose 4*x - r = 6*x. Let d = 137 + x. Calculate the remainder when d is divided by 30.
27
Suppose 77 = 3*b - 97. Let r(u) = 15*u - 103. What is the remainder when b is divided by r(9)?
26
Suppose 5*w = i - 4*i + 9, 2*i + 2*w - 6 = 0. Let p(o) = -o - 7. Let c be p(-7). Suppose c = -16*z + 8*z + 24. Calculate the remainder when z is divided by i.
0
Let u = 6 - -3. Suppose -9*q - 4*v + 187 = 0, 3*q = 8*q - 3*v - 130. What is the remainder when q is divided by u?
5
Let i = 155 - 70. Let r = 7 - 7. Let g = i - r. Calculate the remainder when g is divided by 22.
19
Suppose -2*f = -57 - 1. Let t = -13 + f. Calculate the remainder when (-174)/(-4) - 6/(-4) is divided by t.
13
Suppose 0 = 3*n + 2*n + 25. Let y(f) be the second derivative of -f**3/3 + f**2 + 20*f. What is the remainder when 58 is divided by y(n)?
10
Let g = -34 - -80. What is the remainder when g is divided by 9?
1
Suppose -41*n + 4853 + 3142 = 0. What is the remainder when n is divided by 11?
8
Suppose k + 2*z - 79 = 0, -5*z + 6*z - 217 = -3*k. What is the remainder when 352 is divided by k?
68
What is the remainder when 2*22/(-4)*-11 is divided by 4?
1
Let r be (-80)/(-2) + 2 + 1 - 2. Let y = 54 - r. Calculate the remainder when y is divided by 3 + 3 + -2*1.
1
Let k be 1/(-3)*(-5 - -8). Suppose 0 = -5*y - 5*c, 4*y - c + 15 = -0*c. Calculate the remainder when 23 is divided by k/(y + 51/18).
5
Let n = -46 + 48. Suppose -36 + n = -2*u + 3*k, 5*u + k = 51. What is the remainder when 42 is divided by u?
9
Suppose 4*x + 4 = 0, 2*x + 14 - 93 = f. Let v = f - -91. What is the remainder when v is divided by 3?
1
Let j = -21 + 37. Suppose 2*t + 5*a - 36 = 0, 2*a = -3*t + 75 + 1. Calculate the remainder when t is divided by j.
12
Suppose -30*l + 56 = 2*d - 27*l, -4*d = l - 112. Let p(j) = j**3 + 11*j**2 + 9*j - 10. Let z = 8 - 16. What is the remainder when p(z) is divided by d?
26
Suppose -6*p + 62 = -4*p. Suppose 0 = -7*l + p + 74. Calculate the remainder when 770/28 - 1/2 is divided by l.
12
Suppose 0 = -3*f - 2*m + 5449, 9*f - 6*f - 5450 = -m. Calculate the remainder when f is divided by 10.
7
Let p = 581 - 463. Calculate the remainder when p is divided by 12.
10
Suppose -4*v = 3*o - 14, o + 5*v + 60 = 5*o. Calculate the remainder when 326 is divided by o.
6
Calculate the remainder when 77 is divided by (-2 - 469/(-21)) + 2/(-6).
17
What is the remainder when 349 is divided by ((-24)/(-30) + 0)*5?
1
Suppose 6*v - 2*v + 16 = 0. Let f = 43 - v. Calculate the remainder when f is divided by (-75)/(-6)*8/10.
7
Suppose 478 = 2*n + 2*n + 2*c, -25 = -5*c. Suppose 4*u + u = 3*w + 374, -3*u + 226 = -w. What is the remainder when u is divided by (3 - 2)*n/3?
37
Let u be (-3260)/(-44) - 3/33. Suppose -4*n - 62 = -u. Let q = 2 - -6. What is the remainder when q is divided by n?
2
Calculate the remainder when 7/56*0 + 41 is divided by 6.
5
Let r = 0 - -23. What is the remainder when r is divided by (-1)/((-18)/(-12)) + 87/9?
5
Let n be 2/9 - 3380/(-18). Suppose n = -4*i + 8*i. What is the remainder when i is divided by 16?
15
Suppose -4*a - 10 = 2*l, 2*a = -4*l - a. Suppose -l*g = -4*z + 2*g + 34, -10 = -5*g. What is the remainder when 43 is divided by z?
10
Suppose 19 = -5*y + 64. Let l be 2/8 - (-249)/12. Let h = 55 - l. What is the remainder when h is divided by y?
7
Let a = -93 - -79. Let m = a + 50. What is the rema